{"id":43,"date":"2022-06-22T13:02:36","date_gmt":"2022-06-22T11:02:36","guid":{"rendered":"https:\/\/www.construction-maconnerie.com\/?page_id=43"},"modified":"2023-07-31T15:44:56","modified_gmt":"2023-07-31T13:44:56","slug":"renovation-facade","status":"publish","type":"page","link":"https:\/\/www.adfacade34.fr\/facadier\/renovation-facade\/","title":{"rendered":"R\u00e9novation Fa\u00e7ade"},"content":{"rendered":"<p>[vc_row fullwidth=\u00a0\u00bbyes\u00a0\u00bb css=\u00a0\u00bb.vc_custom_1690547426706{background-color: #ff0000 !important;}\u00a0\u00bb][vc_column]<h2 class=\"bauer-text clearfix text-center\" style=\"font-size:38px;line-height:40px;color:#ffffff;\"><p style=\"text-align: center;\">AD Fa\u00e7ade 34 prot\u00e8ge votre habitation au meilleur tarif : -10 % en P\u00e9riode \u00e9t\u00e9<\/p>\n<\/h2>[\/vc_column][\/vc_row][vc_row css=\u00a0\u00bb.vc_custom_1690552548796{background-position: center !important;background-repeat: no-repeat !important;background-size: cover !important;}\u00a0\u00bb el_class=\u00a0\u00bbombre_interne\u00a0\u00bb][vc_column][vc_row_inner][vc_column_inner width=\u00a0\u00bb2\/3&Prime;]<h2 class=\"bauer-text clearfix \" style=\"font-size:28px;line-height:28px;color:#ff0000;margin-bottom:30px;\"><p><span class=\"font-weight-300\">AD Fa\u00e7ade 34 Expert en R\u00e9novation de fa\u00e7ade \u00e0 Montpellier : R\u00e9paration, ravalement et rev\u00eatement r\u00e9sistant avec AD Fa\u00e7ade 34 voici nos atouts et nos prestations ci dessous :<br \/>\n<\/span><\/p>\n<\/h2><div class=\"bauer-text clearfix \" style=\"\"><p><strong>La r\u00e9novation de fa\u00e7ade<\/strong> est une \u00e9tape essentielle pour maintenir l&rsquo;apparence et l&rsquo;int\u00e9grit\u00e9 d&rsquo;un b\u00e2timent. \u00c0 Montpellier, de nombreux propri\u00e9taires font appel \u00e0 des professionnels pour effectuer des travaux tels que le ravalement de fa\u00e7ade, la r\u00e9paration d&rsquo;enduit et l&rsquo;application de rev\u00eatements r\u00e9sistants. Dans cet article, nous explorerons les diff\u00e9rents aspects de la <strong>r\u00e9novation de fa\u00e7ade \u00e0 Montpellie<\/strong>r, en mettant en lumi\u00e8re les services offerts par AD Fa\u00e7ade 34.<\/p>\n<h3>Ravalement de fa\u00e7ade \u00e0 Montpellier<\/h3>\n<p><strong>Le ravalement de fa\u00e7ade<\/strong> est un processus qui consiste \u00e0 nettoyer, r\u00e9parer et embellir les fa\u00e7ades d&rsquo;un b\u00e2timent. \u00c0 Montpellier, AD Fa\u00e7ade 34 propose des services de ravalement de fa\u00e7ade de haute qualit\u00e9. Leur \u00e9quipe de fa\u00e7adiers exp\u00e9riment\u00e9s utilise des techniques modernes et des produits adapt\u00e9s pour redonner un aspect neuf aux fa\u00e7ades d\u00e9grad\u00e9es. Gr\u00e2ce \u00e0 leur expertise, ils peuvent r\u00e9nover efficacement tous types de fa\u00e7ades, qu&rsquo;il s&rsquo;agisse de maisons individuelles, de b\u00e2timents r\u00e9sidentiels ou commerciaux.<\/p>\n<\/div>[vc_empty_space]<div class=\"bauer-text clearfix \" style=\"\"><h3>R\u00e9paration d&rsquo;enduit de fa\u00e7ade<\/h3>\n<p>L&rsquo;enduit de fa\u00e7ade peut se d\u00e9t\u00e9riorer au fil du temps en raison des\u00a0 intemp\u00e9ries et de l&rsquo;usure. AD Fa\u00e7ade 34 propose des services de<strong> r\u00e9paration d&rsquo;enduit de fa\u00e7ade \u00e0 Montpellier<\/strong>. Leurs fa\u00e7adiers qualifi\u00e9s sont en mesure de d\u00e9tecter les zones endommag\u00e9es et de les restaurer en utilisant des enduits de r\u00e9paration fibr\u00e9s de haute qualit\u00e9. Gr\u00e2ce \u00e0 leur savoir-faire, ils assurent une r\u00e9paration durable qui <strong>redonne \u00e0 la fa\u00e7ade son aspect esth\u00e9tique<\/strong> et sa protection contre les infiltrations d&rsquo;eau.<\/p>\n<\/div>[vc_empty_space]<div class=\"button-wrap icon-right\" style=\"\" ><a href=\"https:\/\/www.adfacade34.fr\/facadier\/demande-de-devis\/\" target=\"_self\" class=\"bauer-button btn-877462945 medium no_icon custom outline solid custom\" style=\"border-width:1px;\"  data-background=\"\" data-border=\"#ff0000\" data-text=\"#020000\" data-text-hover=\"#ff0000\" data-border-hover=\"#000000\">\n\t\t<span style=\"\">DEMANDER UN DEVIS GRATUIT <\/span>\n\t<\/a><\/div>\n\t<div class=\"bauer-spacer clearfix\" data-desktop=\"0\" data-mobi=\"30\" data-smobi=\"30\"><\/div>[\/vc_column_inner][vc_column_inner width=\u00a0\u00bb1\/3&Prime;][vc_single_image image=\u00a0\u00bb504&Prime; alignment=\u00a0\u00bbcenter\u00a0\u00bb style=\u00a0\u00bbvc_box_shadow_border_circle_2&Prime;][\/vc_column_inner][\/vc_row_inner][vc_row_inner][vc_column_inner width=\u00a0\u00bb1\/2&Prime;]\n\t<div class=\"bauer-spacer clearfix\" data-desktop=\"0\" data-mobi=\"0\" data-smobi=\"30\"><\/div>[\/vc_column_inner][vc_column_inner width=\u00a0\u00bb1\/2&Prime;][\/vc_column_inner][\/vc_row_inner][\/vc_column][\/vc_row][vc_row row_content_position=\u00a0\u00bbmiddle\u00a0\u00bb row_equal_height=\u00a0\u00bbyes\u00a0\u00bb css=\u00a0\u00bb.vc_custom_1690553501707{background-color: #efefef !important;background-position: center !important;background-repeat: no-repeat !important;background-size: cover !important;}\u00a0\u00bb el_class=\u00a0\u00bbimagefixe\u00a0\u00bb][vc_column width=\u00a0\u00bb1\/4&Prime;][vc_single_image image=\u00a0\u00bb309&Prime; alignment=\u00a0\u00bbcenter\u00a0\u00bb style=\u00a0\u00bbvc_box_shadow_border_circle_2&Prime;][\/vc_column][vc_column width=\u00a0\u00bb3\/4&Prime;]<h2 class=\"bauer-text clearfix \" style=\"font-size:38px;line-height:40px;color:#000000;margin-bottom:30px;\"><p><span class=\"font-weight-300\">Rev\u00eatement de fa\u00e7ade r\u00e9sistant<\/span><\/p>\n<\/h2>[vc_column_text]Un rev\u00eatement de fa\u00e7ade de qualit\u00e9 est essentiel pour prot\u00e9ger le b\u00e2timent des intemp\u00e9ries, de la pollution et des rayons UV. AD Fa\u00e7ade 34 propose une large gamme de <strong>rev\u00eatements de fa\u00e7ade r\u00e9sistants \u00e0 Montpellier<\/strong>. Leurs experts vous conseillent sur le choix du rev\u00eatement le mieux adapt\u00e9 \u00e0 vos besoins, en prenant en compte la durabilit\u00e9, l&rsquo;esth\u00e9tique et la facilit\u00e9 d&rsquo;entretien. Gr\u00e2ce \u00e0 leur expertise, ils peuvent appliquer des rev\u00eatements de fa\u00e7ade qui am\u00e9liorent non seulement l&rsquo;apparence du b\u00e2timent, mais aussi sa durabilit\u00e9 \u00e0 long terme.[\/vc_column_text][vc_empty_space]<h2 class=\"bauer-text clearfix \" style=\"font-size:38px;line-height:40px;color:#000000;margin-bottom:30px;\"><p><span class=\"font-weight-300\">Ravalement de fa\u00e7ade pas cher avec AD Fa\u00e7ade 34<\/span><\/p>\n<\/h2>[vc_column_text]AD Fa\u00e7ade 34 se distingue \u00e9galement par ses tarifs comp\u00e9titifs pour le <strong>ravalement de fa\u00e7ade \u00e0 Montpellier<\/strong>. Leur objectif est de rendre la r\u00e9novation de fa\u00e7ade accessible \u00e0 tous les propri\u00e9taires, quel que soit leur budget. Ils proposent des solutions adapt\u00e9es, en utilisant des techniques efficaces et des mat\u00e9riaux de qualit\u00e9, tout en maintenant des prix abordables. Ainsi, vous pouvez b\u00e9n\u00e9ficier d&rsquo;un ravalement de fa\u00e7ade professionnel sans vous ruiner.[\/vc_column_text][\/vc_column][\/vc_row][vc_row el_class=\u00a0\u00bbombre_interne\u00a0\u00bb][vc_column]<h2 class=\"bauer-text clearfix \" style=\"font-size:38px;line-height:40px;color:#000000;margin-bottom:30px;\"><p><span class=\"font-weight-300\">FAQ (Foire aux questions) :<br \/>\n<\/span><\/p>\n<\/h2>[vc_column_text]Si vous recherchez une entreprise de <strong>r\u00e9novation de fa\u00e7ade \u00e0 Montpellier<\/strong>, AD Fa\u00e7ade 34 est un choix judicieux. Leur \u00e9quipe de fa\u00e7adiers exp\u00e9riment\u00e9s propose des services de ravalement de fa\u00e7ade, de r\u00e9paration d&rsquo;enduit et d&rsquo;application de rev\u00eatements r\u00e9sistants. Ils offrent des solutions sur mesure, en mettant l&rsquo;accent sur la qualit\u00e9, l&rsquo;esth\u00e9tique et l&rsquo;accessibilit\u00e9. Faites confiance \u00e0 AD Fa\u00e7ade 34 pour <strong>redonner vie \u00e0 votre fa\u00e7ade<\/strong> et pr\u00e9server l&rsquo;apparence de votre b\u00e2timent.[\/vc_column_text]\n\t<div class=\"bauer-spacer clearfix\" data-desktop=\"45\" data-mobi=\"30\" data-smobi=\"30\"><\/div>[vc_tta_accordion color=\u00a0\u00bbblack\u00a0\u00bb active_section=\u00a0\u00bb1&Prime;][vc_tta_section title=\u00a0\u00bbQu&rsquo;est-ce que le ravalement de fa\u00e7ade et pourquoi est-il important \u00e0 Montpellier ?\u00a0\u00bb tab_id=\u00a0\u00bb1690538787572-888876f5-ea585b68-63ea\u00a0\u00bb][vc_column_text]Le ravalement de fa\u00e7ade est un processus de nettoyage, de r\u00e9paration et de protection des fa\u00e7ades d&rsquo;un b\u00e2timent. \u00c0 Montpellier, il est essentiel en raison des conditions climatiques et de l&rsquo;exposition aux intemp\u00e9ries. Le ravalement permet de pr\u00e9server l&rsquo;apparence esth\u00e9tique du b\u00e2timent, d&rsquo;am\u00e9liorer son isolation thermique et de prolonger sa durabilit\u00e9.[\/vc_column_text][\/vc_tta_section][vc_tta_section title=\u00a0\u00bbPourquoi devrais-je faire appel \u00e0 un fa\u00e7adier \u00e0 Montpellier ?\u00a0\u00bb tab_id=\u00a0\u00bb1690538787580-589505f5-b3505b68-63ea\u00a0\u00bb][vc_column_text]Faire appel \u00e0 un fa\u00e7adier professionnel \u00e0 Montpellier pr\u00e9sente de nombreux avantages. Les fa\u00e7adiers qualifi\u00e9s, comme ceux d&rsquo;AD Fa\u00e7ade 34, poss\u00e8dent l&rsquo;expertise n\u00e9cessaire pour \u00e9valuer l&rsquo;\u00e9tat de votre fa\u00e7ade, recommander les meilleures solutions de r\u00e9novation et effectuer les travaux avec pr\u00e9cision. Ils utilisent des techniques et des mat\u00e9riaux adapt\u00e9s pour garantir un r\u00e9sultat optimal et durable.[\/vc_column_text][\/vc_tta_section][vc_tta_section title=\u00a0\u00bbQu&rsquo;est-ce que la r\u00e9paration d&rsquo;enduit de fa\u00e7ade et en quoi est-elle importante ?\u00a0\u00bb tab_id=\u00a0\u00bb1690538941524-13f80bc8-5bbb5b68-63ea\u00a0\u00bb][vc_column_text]La r\u00e9paration d&rsquo;enduit de fa\u00e7ade consiste \u00e0 restaurer les zones endommag\u00e9es de l&rsquo;enduit ext\u00e9rieur. Cela est crucial pour maintenir l&rsquo;int\u00e9grit\u00e9 de la fa\u00e7ade et emp\u00eacher les infiltrations d&rsquo;eau. AD Fa\u00e7ade 34 propose des solutions de r\u00e9paration d&rsquo;enduit de qualit\u00e9, en utilisant des enduits de r\u00e9paration fibr\u00e9s qui offrent une r\u00e9sistance accrue et une durabilit\u00e9 sup\u00e9rieure.[\/vc_column_text][\/vc_tta_section][vc_tta_section title=\u00a0\u00bbQuels sont les avantages des rev\u00eatements de fa\u00e7ade r\u00e9sistants ?\u00a0\u00bb tab_id=\u00a0\u00bb1690810991140-53aae363-3ad4&Prime;][vc_column_text]Les rev\u00eatements de fa\u00e7ade r\u00e9sistants offrent une protection suppl\u00e9mentaire contre les agressions ext\u00e9rieures telles que les intemp\u00e9ries, la pollution et les rayons UV. Ils am\u00e9liorent \u00e9galement l&rsquo;isolation thermique du b\u00e2timent et r\u00e9duisent les besoins en entretien. AD Fa\u00e7ade 34 propose une gamme de rev\u00eatements de fa\u00e7ade r\u00e9sistants \u00e0 Montpellier, adapt\u00e9s aux besoins sp\u00e9cifiques de chaque projet.[\/vc_column_text][\/vc_tta_section][vc_tta_section title=\u00a0\u00bbEst-il possible de b\u00e9n\u00e9ficier d&rsquo;un ravalement de fa\u00e7ade pas cher \u00e0 Montpellier ?\u00a0\u00bb tab_id=\u00a0\u00bb1690811013191-c3a77b12-e95b\u00a0\u00bb][vc_column_text]Oui, AD Fa\u00e7ade 34 s&rsquo;engage \u00e0 proposer des tarifs comp\u00e9titifs pour le ravalement de fa\u00e7ade \u00e0 Montpellier. Ils veillent \u00e0 ce que leurs services restent abordables sans compromettre la qualit\u00e9. Vous pouvez ainsi profiter d&rsquo;un ravalement de fa\u00e7ade professionnel et efficace \u00e0 un prix raisonnable.[\/vc_column_text][\/vc_tta_section][\/vc_tta_accordion]\n\t<div class=\"bauer-spacer clearfix\" data-desktop=\"45\" data-mobi=\"30\" data-smobi=\"30\"><\/div>[vc_column_text]La r\u00e9novation de fa\u00e7ade soul\u00e8ve souvent des questions, mais avec AD Fa\u00e7ade 34, vous pouvez obtenir des r\u00e9ponses claires et pr\u00e9cises. Que ce soit pour le ravalement de fa\u00e7ade, la r\u00e9paration d&rsquo;enduit ou l&rsquo;application de rev\u00eatements r\u00e9sistants \u00e0 Montpellier, leur \u00e9quipe de professionnels est l\u00e0 pour vous accompagner. Faites confiance \u00e0 AD Fa\u00e7ade 34 pour redonner vie \u00e0 votre fa\u00e7ade et assurer la durabilit\u00e9 de votre b\u00e2timent..[\/vc_column_text][\/vc_column][\/vc_row][vc_row css=\u00a0\u00bb.vc_custom_1690811070987{padding-top: 40px !important;padding-bottom: 40px !important;background-color: #efefef !important;}\u00a0\u00bb][vc_column width=\u00a0\u00bb1\/2&Prime;][vc_custom_heading text=\u00a0\u00bbDemande de devis\u00a0\u00bb font_container=\u00a0\u00bbtag:h3|text_align:left|color:%23ff0000&Prime; use_theme_fonts=\u00a0\u00bbyes\u00a0\u00bb]<div role=\"form\" class=\"wpcf7\" id=\"wpcf7-f91-o1\" lang=\"fr-FR\" dir=\"ltr\">\n<div class=\"screen-reader-response\"><p role=\"status\" aria-live=\"polite\" aria-atomic=\"true\"><\/p> <ul><\/ul><\/div>\n<form action=\"\/facadier\/wp-json\/wp\/v2\/pages\/43#wpcf7-f91-o1\" method=\"post\" class=\"wpcf7-form init\" novalidate=\"novalidate\" data-status=\"init\">\n<div style=\"display: none;\">\n<input type=\"hidden\" name=\"_wpcf7\" value=\"91\" \/>\n<input type=\"hidden\" name=\"_wpcf7_version\" value=\"5.5.6.1\" \/>\n<input type=\"hidden\" name=\"_wpcf7_locale\" value=\"fr_FR\" \/>\n<input type=\"hidden\" name=\"_wpcf7_unit_tag\" value=\"wpcf7-f91-o1\" \/>\n<input type=\"hidden\" name=\"_wpcf7_container_post\" value=\"0\" \/>\n<input type=\"hidden\" name=\"_wpcf7_posted_data_hash\" value=\"\" \/>\n<\/div>\n<div class=\"uacf7-form-91\"><span class=\"wpcf7-form-control-wrap nom-prenom\"><input type=\"text\" name=\"nom-prenom\" value=\"\" size=\"40\" class=\"wpcf7-form-control wpcf7-text wpcf7-validates-as-required\" aria-required=\"true\" aria-invalid=\"false\" placeholder=\"Nom \/ Pr\u00e9nom\" \/><\/span><\/p>\n<p><span class=\"wpcf7-form-control-wrap tel\"><input type=\"text\" name=\"tel\" value=\"\" size=\"40\" class=\"wpcf7-form-control wpcf7-text wpcf7-validates-as-required\" aria-required=\"true\" aria-invalid=\"false\" placeholder=\"T\u00e9l\u00e9phone\" \/><\/span><\/p>\n<p><span class=\"wpcf7-form-control-wrap votre-email\"><input type=\"email\" name=\"votre-email\" value=\"\" size=\"40\" class=\"wpcf7-form-control wpcf7-text wpcf7-email wpcf7-validates-as-required wpcf7-validates-as-email\" aria-required=\"true\" aria-invalid=\"false\" placeholder=\"Adresse e-mail\" \/><\/span><\/p>\n<p><span class=\"wpcf7-form-control-wrap votre-message\"><textarea name=\"votre-message\" cols=\"40\" rows=\"2\" class=\"wpcf7-form-control wpcf7-textarea\" aria-invalid=\"false\" placeholder=\"Expliquez-nous votre demande\"><\/textarea><\/span><\/p>\n<p><span class=\"wpcf7-form-control-wrap accepte\"><span class=\"wpcf7-form-control wpcf7-checkbox wpcf7-validates-as-required accepte\"><span class=\"wpcf7-list-item first last\"><input type=\"checkbox\" name=\"accepte[]\" value=\"En soumettant ce formulaire, j&#039;accepte que les informations saisies dans ce formulaire soient utilis\u00e9es, exploit\u00e9es, trait\u00e9es pour permettre de me recontacter dans le cadre de la relation commerciale qui d\u00e9coule de cette prise de contact.*\" \/><span class=\"wpcf7-list-item-label\">En soumettant ce formulaire, j&#039;accepte que les informations saisies dans ce formulaire soient utilis\u00e9es, exploit\u00e9es, trait\u00e9es pour permettre de me recontacter dans le cadre de la relation commerciale qui d\u00e9coule de cette prise de contact.*<\/span><\/span><\/span><\/span><\/p>\n<div id=\"cf7sr-69e45f186dd53\" class=\"cf7sr-g-recaptcha\" data-sitekey=\"6LegHz4nAAAAAME0O_tNGWw785S25e1eOxJIt63u\"><\/div><span class=\"wpcf7-form-control-wrap cf7sr-recaptcha\"><input type=\"hidden\" name=\"cf7sr-recaptcha\" value=\"\" class=\"wpcf7-form-control\"><\/span><\/p>\n<p><input type=\"submit\" value=\"Envoyer\" class=\"wpcf7-form-control has-spinner wpcf7-submit\" \/><\/p><\/div>\n<div class=\"wpcf7-response-output\" aria-hidden=\"true\"><\/div><\/form><\/div>[\/vc_column][vc_column width=\u00a0\u00bb1\/2&Prime;]<div class=\"bauer-content-box clearfix \" data-padding=\"0% 0% 0% 16%\" data-mobipadding=\"0% 0% 0% 0%\" data-margin=\"\" data-mobimargin=\"\" >\n\t\t<div class=\"inner ctb-261231077\" style=\"\"  data-background=\"\">\n\t\t\t\n\t<div class=\"bauer-spacer clearfix\" data-desktop=\"28\" data-mobi=\"28\" data-smobi=\"28\"><\/div><div class=\"bauer-icon-list clearfix style-1\"><div class=\"icon-list-wrap\"><div class=\"line\" style=\"border-width:1px;border-color:0;left:40px;\"><\/div><div class=\"icon-list-item\" style=\"margin-bottom:70px;\"><div class=\"bauer-icon icon-1612418523\" data-icon=\"#ffffff\" data-background=\"#ff0000\"><span class=\"icon\" style=\"font-size:30px;width:80px;border-style:solid;height:80px;border-radius:40px;line-height:80px;\"><i class=\"elegant-icon_document_alt\"><\/i><\/span><\/div><div class=\"text-item\" style=\"min-height:80px;\"><h3 class=\"heading\" style=\"color:#000000;margin:0px 0px 7px 100px;\">Demande de devis<\/h3><div class=\"desc\" style=\"color:#000000;margin:0px 0px 7px 100px;\">Contactez-nous pour avoir un devis sur-mesure<\/div><\/div><\/div><div class=\"icon-list-item\" style=\"margin-bottom:70px;\"><div class=\"bauer-icon icon-128347225\" data-icon=\"#ffffff\" data-background=\"#ff0000\"><span class=\"icon\" style=\"font-size:30px;width:80px;border-style:solid;height:80px;border-radius:40px;line-height:80px;\"><i class=\"elegant-icon_like\"><\/i><\/span><\/div><div class=\"text-item\" style=\"min-height:80px;\"><h3 class=\"heading\" style=\"color:#000000;margin:0px 0px 7px 100px;\">Nous \u00e9tudions votre demande<\/h3><div class=\"desc\" style=\"color:#000000;margin:0px 0px 7px 100px;\">D\u00e9couvrez notre expertise en nettoyage de toiture et ravalement de fa\u00e7ades. Nous analysons votre projet avec pr\u00e9cision pour des prestations sur mesure et impeccables.<\/div><\/div><\/div><div class=\"icon-list-item\" style=\"\"><div class=\"bauer-icon icon-1878814120\" data-icon=\"#ffffff\" data-background=\"#ff0000\"><span class=\"icon\" style=\"font-size:30px;width:80px;border-style:solid;height:80px;border-radius:40px;line-height:80px;\"><i class=\"elegant-icon_pin_alt\"><\/i><\/span><\/div><div class=\"text-item\" style=\"min-height:80px;\"><h3 class=\"heading\" style=\"color:#000000;margin:0px 0px 7px 100px;\">Dans l'H\u00e9rault 34<\/h3><div class=\"desc\" style=\"color:#000000;margin:0px 0px 7px 100px;\">Contactez AD Fa\u00e7ade 34 pour un devis gratuit dans l'H\u00e9rault 34 \u00e0 Montpellier<\/div><\/div><\/div><\/div><\/div>\n\t<div class=\"bauer-spacer clearfix\" data-desktop=\"90\" data-mobi=\"60\" data-smobi=\"60\"><\/div>\n\t\t<\/div>\n\t<\/div>[\/vc_column][\/vc_row]<\/p>\n","protected":false},"excerpt":{"rendered":"<p>[vc_row fullwidth=\u00a0\u00bbyes\u00a0\u00bb css=\u00a0\u00bb.vc_custom_1690547426706{background-color: #ff0000 !important;}\u00a0\u00bb][vc_column][\/vc_column][\/vc_row][vc_row css=\u00a0\u00bb.vc_custom_1690552548796{background-position: center !important;background-repeat: no-repeat !important;background-size: cover !important;}\u00a0\u00bb el_class=\u00a0\u00bbombre_interne\u00a0\u00bb][vc_column][vc_row_inner][vc_column_inner width=\u00a0\u00bb2\/3&Prime;][vc_empty_space][vc_empty_space][\/vc_column_inner][vc_column_inner width=\u00a0\u00bb1\/3&Prime;][vc_single_image image=\u00a0\u00bb504&Prime; alignment=\u00a0\u00bbcenter\u00a0\u00bb style=\u00a0\u00bbvc_box_shadow_border_circle_2&Prime;][\/vc_column_inner][\/vc_row_inner][vc_row_inner][vc_column_inner width=\u00a0\u00bb1\/2&Prime;][\/vc_column_inner][vc_column_inner width=\u00a0\u00bb1\/2&Prime;][\/vc_column_inner][\/vc_row_inner][\/vc_column][\/vc_row][vc_row row_content_position=\u00a0\u00bbmiddle\u00a0\u00bb row_equal_height=\u00a0\u00bbyes\u00a0\u00bb css=\u00a0\u00bb.vc_custom_1690553501707{background-color: #efefef !important;background-position: center !important;background-repeat: no-repeat !important;background-size: cover !important;}\u00a0\u00bb el_class=\u00a0\u00bbimagefixe\u00a0\u00bb][vc_column width=\u00a0\u00bb1\/4&Prime;][vc_single_image image=\u00a0\u00bb309&Prime; alignment=\u00a0\u00bbcenter\u00a0\u00bb style=\u00a0\u00bbvc_box_shadow_border_circle_2&Prime;][\/vc_column][vc_column width=\u00a0\u00bb3\/4&Prime;][vc_column_text]Un rev\u00eatement de fa\u00e7ade de qualit\u00e9 est essentiel pour prot\u00e9ger le b\u00e2timent des intemp\u00e9ries,<\/p>\n","protected":false},"author":1,"featured_media":0,"parent":0,"menu_order":0,"comment_status":"closed","ping_status":"closed","template":"","meta":[],"_links":{"self":[{"href":"https:\/\/www.adfacade34.fr\/facadier\/wp-json\/wp\/v2\/pages\/43"}],"collection":[{"href":"https:\/\/www.adfacade34.fr\/facadier\/wp-json\/wp\/v2\/pages"}],"about":[{"href":"https:\/\/www.adfacade34.fr\/facadier\/wp-json\/wp\/v2\/types\/page"}],"author":[{"embeddable":true,"href":"https:\/\/www.adfacade34.fr\/facadier\/wp-json\/wp\/v2\/users\/1"}],"replies":[{"embeddable":true,"href":"https:\/\/www.adfacade34.fr\/facadier\/wp-json\/wp\/v2\/comments?post=43"}],"version-history":[{"count":38,"href":"https:\/\/www.adfacade34.fr\/facadier\/wp-json\/wp\/v2\/pages\/43\/revisions"}],"predecessor-version":[{"id":544,"href":"https:\/\/www.adfacade34.fr\/facadier\/wp-json\/wp\/v2\/pages\/43\/revisions\/544"}],"wp:attachment":[{"href":"https:\/\/www.adfacade34.fr\/facadier\/wp-json\/wp\/v2\/media?parent=43"}],"curies":[{"name":"wp","href":"https:\/\/api.w.org\/{rel}","templated":true}]}}